{"id":292,"date":"2025-09-08T11:29:28","date_gmt":"2025-09-08T09:29:28","guid":{"rendered":"https:\/\/osteopathe-olivier.fr\/?page_id=292"},"modified":"2025-09-09T15:24:05","modified_gmt":"2025-09-09T13:24:05","slug":"a-propos","status":"publish","type":"page","link":"https:\/\/osteopathe-olivier.fr\/index.php\/a-propos\/","title":{"rendered":"A PROPOS"},"content":{"rendered":"\n<p>Dipl\u00f4m\u00e9e en janvier 2016 de l&rsquo;institut Sup\u00e9rieur d&rsquo;Ost\u00e9opathie de Lille apr\u00e8s 5ans 1\/2 d&rsquo;\u00e9tudes, je continue de me former tous les ans pour la meilleure prise en charge de mes patients.<\/p>\n\n\n\n<div class=\"wp-block-buttons is-content-justification-center is-layout-flex wp-container-core-buttons-is-layout-a89b3969 wp-block-buttons-is-layout-flex\">\n<div class=\"wp-block-button\"><a class=\"wp-block-button__link has-text-align-center wp-element-button\" href=\"https:\/\/www.doctolib.fr\/osteopathe\/val-couesnon\/laetitia-olivier\">Prendre rendez-vous en ligne<\/a><\/div>\n<\/div>\n\n\n\n<figure class=\"wp-block-image aligncenter size-large is-resized\"><img loading=\"lazy\" decoding=\"async\" width=\"768\" height=\"1024\" src=\"https:\/\/osteopathe-olivier.fr\/wp-content\/uploads\/2025\/09\/Design-sans-titre-1-768x1024.jpg\" alt=\"\" class=\"wp-image-296\" style=\"width:331px;height:auto\" srcset=\"https:\/\/osteopathe-olivier.fr\/wp-content\/uploads\/2025\/09\/Design-sans-titre-1-768x1024.jpg 768w, https:\/\/osteopathe-olivier.fr\/wp-content\/uploads\/2025\/09\/Design-sans-titre-1-225x300.jpg 225w, https:\/\/osteopathe-olivier.fr\/wp-content\/uploads\/2025\/09\/Design-sans-titre-1-1152x1536.jpg 1152w, https:\/\/osteopathe-olivier.fr\/wp-content\/uploads\/2025\/09\/Design-sans-titre-1-1536x2048.jpg 1536w, https:\/\/osteopathe-olivier.fr\/wp-content\/uploads\/2025\/09\/Design-sans-titre-1-scaled.jpg 1920w\" sizes=\"auto, (max-width: 768px) 100vw, 768px\" \/><\/figure>\n\n\n\n<h2 class=\"wp-block-heading\">Mes Formations :<\/h2>\n\n\n\n<p>2025 D\u00e9formations cr\u00e2niennes positionnelles &#8211; plagio-asso<\/p>\n\n\n\n<p>2024 Allaitement Perfectionnement  &#8211; L&rsquo;\u00e9cole du bien naitre<\/p>\n\n\n\n<p>2024 Allaitement Maternel, les indispensables  &#8211; L&rsquo;\u00e9cole du bien naitre<\/p>\n\n\n\n<p>2023 Allaitement et osteopathie &#8211; Formastructure<\/p>\n\n\n\n<p>2021 Genou et hanche traumatique &#8211; Formastructure<\/p>\n\n\n\n<p>2020 Ost\u00e9opathie p\u00e9rinatale et p\u00e9diatrique &#8211; Formastructure<\/p>\n\n\n\n<p>2020 Grossesse et pr\u00e9vention p\u00e9diatrique &#8211; Elisa Boillot<\/p>\n\n\n\n<p>2019 Ost\u00e9opathie cr\u00e2ne conjonctive &#8211; Olivier Pireaux<\/p>\n\n\n\n<p>2017 Ost\u00e9opathie structurelle conjonctive &#8211; Olivier Pireaux<\/p>\n\n\n\n<p>2016 Ost\u00e9opathie visc\u00e9rale &#8211; Olivier Pireaux<\/p>\n\n\n\n<p>2016 Certification en ost\u00e9opathie p\u00e9diatrique &#8211; Institut Sup\u00e9rieur d&rsquo;Ost\u00e9opathie (InSO) Lille<\/p>\n\n\n\n<p><\/p>\n","protected":false},"excerpt":{"rendered":"<p>Dipl\u00f4m\u00e9e en janvier 2016 de l&rsquo;institut Sup\u00e9rieur d&rsquo;Ost\u00e9opathie de Lille apr\u00e8s 5ans 1\/2 d&rsquo;\u00e9tudes, je continue de me former tous [&hellip;]<\/p>\n","protected":false},"author":1,"featured_media":0,"parent":0,"menu_order":0,"comment_status":"closed","ping_status":"closed","template":"","meta":{"site-sidebar-layout":"default","site-content-layout":"","ast-site-content-layout":"default","site-content-style":"default","site-sidebar-style":"default","ast-global-header-display":"","ast-banner-title-visibility":"","ast-main-header-display":"","ast-hfb-above-header-display":"","ast-hfb-below-header-display":"","ast-hfb-mobile-header-display":"","site-post-title":"disabled","ast-breadcrumbs-content":"","ast-featured-img":"","footer-sml-layout":"","theme-transparent-header-meta":"","adv-header-id-meta":"","stick-header-meta":"","header-above-stick-meta":"","header-main-stick-meta":"","header-below-stick-meta":"","astra-migrate-meta-layouts":"default","ast-page-background-enabled":"default","ast-page-background-meta":{"desktop":{"background-color":"var(--ast-global-color-5)","background-image":"","background-repeat":"repeat","background-position":"center center","background-size":"auto","background-attachment":"scroll","background-type":"","background-media":"","overlay-type":"","overlay-color":"","overlay-opacity":"","overlay-gradient":""},"tablet":{"background-color":"","background-image":"","background-repeat":"repeat","background-position":"center center","background-size":"auto","background-attachment":"scroll","background-type":"","background-media":"","overlay-type":"","overlay-color":"","overlay-opacity":"","overlay-gradient":""},"mobile":{"background-color":"","background-image":"","background-repeat":"repeat","background-position":"center center","background-size":"auto","background-attachment":"scroll","background-type":"","background-media":"","overlay-type":"","overlay-color":"","overlay-opacity":"","overlay-gradient":""}},"ast-content-background-meta":{"desktop":{"background-color":"var(--ast-global-color-4)","background-image":"","background-repeat":"repeat","background-position":"center center","background-size":"auto","background-attachment":"scroll","background-type":"","background-media":"","overlay-type":"","overlay-color":"","overlay-opacity":"","overlay-gradient":""},"tablet":{"background-color":"var(--ast-global-color-4)","background-image":"","background-repeat":"repeat","background-position":"center center","background-size":"auto","background-attachment":"scroll","background-type":"","background-media":"","overlay-type":"","overlay-color":"","overlay-opacity":"","overlay-gradient":""},"mobile":{"background-color":"var(--ast-global-color-4)","background-image":"","background-repeat":"repeat","background-position":"center center","background-size":"auto","background-attachment":"scroll","background-type":"","background-media":"","overlay-type":"","overlay-color":"","overlay-opacity":"","overlay-gradient":""}},"_themeisle_gutenberg_block_has_review":false,"footnotes":""},"class_list":["post-292","page","type-page","status-publish","hentry"],"_links":{"self":[{"href":"https:\/\/osteopathe-olivier.fr\/index.php\/wp-json\/wp\/v2\/pages\/292","targetHints":{"allow":["GET"]}}],"collection":[{"href":"https:\/\/osteopathe-olivier.fr\/index.php\/wp-json\/wp\/v2\/pages"}],"about":[{"href":"https:\/\/osteopathe-olivier.fr\/index.php\/wp-json\/wp\/v2\/types\/page"}],"author":[{"embeddable":true,"href":"https:\/\/osteopathe-olivier.fr\/index.php\/wp-json\/wp\/v2\/users\/1"}],"replies":[{"embeddable":true,"href":"https:\/\/osteopathe-olivier.fr\/index.php\/wp-json\/wp\/v2\/comments?post=292"}],"version-history":[{"count":5,"href":"https:\/\/osteopathe-olivier.fr\/index.php\/wp-json\/wp\/v2\/pages\/292\/revisions"}],"predecessor-version":[{"id":323,"href":"https:\/\/osteopathe-olivier.fr\/index.php\/wp-json\/wp\/v2\/pages\/292\/revisions\/323"}],"wp:attachment":[{"href":"https:\/\/osteopathe-olivier.fr\/index.php\/wp-json\/wp\/v2\/media?parent=292"}],"curies":[{"name":"wp","href":"https:\/\/api.w.org\/{rel}","templated":true}]}}